{"id":1207,"date":"2023-01-06T10:25:00","date_gmt":"2023-01-06T07:25:00","guid":{"rendered":"https:\/\/farnakia.com.tr\/?page_id=1207"},"modified":"2023-01-06T10:25:00","modified_gmt":"2023-01-06T07:25:00","slug":"gelismis-api-ozelliklerimiz","status":"publish","type":"page","link":"https:\/\/farnakia.com.tr\/?page_id=1207","title":{"rendered":"Geli\u015fmi\u015f Api \u00d6zelliklerimiz"},"content":{"rendered":"<h4>Api Deste\u011fi Nedir ?<\/h4>\n<p>Geli\u015fmi\u015f Api&#8217;lerimiz sayesinde t\u00fcm santral verilerinizi sistemlerinize entegre edebilirsiniz.<\/p>\n","protected":false},"excerpt":{"rendered":"<p>Api Deste\u011fi Nedir ? Geli\u015fmi\u015f Api&#8217;lerimiz sayesinde t\u00fcm santral verilerinizi sistemlerinize entegre edebilirsiniz.<\/p>\n","protected":false},"author":1,"featured_media":0,"parent":0,"menu_order":0,"comment_status":"closed","ping_status":"closed","template":"","meta":{"footnotes":""},"class_list":["post-1207","page","type-page","status-publish","hentry"],"_links":{"self":[{"href":"https:\/\/farnakia.com.tr\/index.php?rest_route=\/wp\/v2\/pages\/1207","targetHints":{"allow":["GET"]}}],"collection":[{"href":"https:\/\/farnakia.com.tr\/index.php?rest_route=\/wp\/v2\/pages"}],"about":[{"href":"https:\/\/farnakia.com.tr\/index.php?rest_route=\/wp\/v2\/types\/page"}],"author":[{"embeddable":true,"href":"https:\/\/farnakia.com.tr\/index.php?rest_route=\/wp\/v2\/users\/1"}],"replies":[{"embeddable":true,"href":"https:\/\/farnakia.com.tr\/index.php?rest_route=%2Fwp%2Fv2%2Fcomments&post=1207"}],"version-history":[{"count":1,"href":"https:\/\/farnakia.com.tr\/index.php?rest_route=\/wp\/v2\/pages\/1207\/revisions"}],"predecessor-version":[{"id":1214,"href":"https:\/\/farnakia.com.tr\/index.php?rest_route=\/wp\/v2\/pages\/1207\/revisions\/1214"}],"wp:attachment":[{"href":"https:\/\/farnakia.com.tr\/index.php?rest_route=%2Fwp%2Fv2%2Fmedia&parent=1207"}],"curies":[{"name":"wp","href":"https:\/\/api.w.org\/{rel}","templated":true}]}}