{"id":1210,"date":"2023-01-06T10:23:36","date_gmt":"2023-01-06T07:23:36","guid":{"rendered":"https:\/\/farnakia.com.tr\/?page_id=1210"},"modified":"2023-01-06T10:23:36","modified_gmt":"2023-01-06T07:23:36","slug":"kurumsal-whatsapp-hatti","status":"publish","type":"page","link":"https:\/\/farnakia.com.tr\/?page_id=1210","title":{"rendered":"Kurumsal Whatsapp Hatt\u0131"},"content":{"rendered":"<h4>Kurumsal Whatsapp Hatt\u0131 Nedir ?<\/h4>\n<p>Whatsapp Business, k\u00fc\u00e7\u00fck i\u015fletme sahiplerini d\u00fc\u015f\u00fcn\u00fclerek olu\u015fturulmu\u015f \u00fccretsiz \u00f6zel bir android ve ios uygulamas\u0131d\u0131r. Pasifik Telekom&#8217;dan alaca\u011f\u0131n\u0131z 0850 kurumsal veya 0212, 0312 vb. numaran\u0131z\u0131 Whatsapp Business uygulamas\u0131na kaydederek kullanabilirsiniz.<\/p>\n","protected":false},"excerpt":{"rendered":"<p>Kurumsal Whatsapp Hatt\u0131 Nedir ? Whatsapp Business, k\u00fc\u00e7\u00fck i\u015fletme sahiplerini d\u00fc\u015f\u00fcn\u00fclerek olu\u015fturulmu\u015f \u00fccretsiz \u00f6zel bir android ve ios uygulamas\u0131d\u0131r. Pasifik Telekom&#8217;dan alaca\u011f\u0131n\u0131z 0850 kurumsal veya 0212, 0312 vb. numaran\u0131z\u0131 Whatsapp [&hellip;]<\/p>\n","protected":false},"author":1,"featured_media":0,"parent":0,"menu_order":0,"comment_status":"closed","ping_status":"closed","template":"","meta":{"footnotes":""},"class_list":["post-1210","page","type-page","status-publish","hentry"],"_links":{"self":[{"href":"https:\/\/farnakia.com.tr\/index.php?rest_route=\/wp\/v2\/pages\/1210","targetHints":{"allow":["GET"]}}],"collection":[{"href":"https:\/\/farnakia.com.tr\/index.php?rest_route=\/wp\/v2\/pages"}],"about":[{"href":"https:\/\/farnakia.com.tr\/index.php?rest_route=\/wp\/v2\/types\/page"}],"author":[{"embeddable":true,"href":"https:\/\/farnakia.com.tr\/index.php?rest_route=\/wp\/v2\/users\/1"}],"replies":[{"embeddable":true,"href":"https:\/\/farnakia.com.tr\/index.php?rest_route=%2Fwp%2Fv2%2Fcomments&post=1210"}],"version-history":[{"count":1,"href":"https:\/\/farnakia.com.tr\/index.php?rest_route=\/wp\/v2\/pages\/1210\/revisions"}],"predecessor-version":[{"id":1211,"href":"https:\/\/farnakia.com.tr\/index.php?rest_route=\/wp\/v2\/pages\/1210\/revisions\/1211"}],"wp:attachment":[{"href":"https:\/\/farnakia.com.tr\/index.php?rest_route=%2Fwp%2Fv2%2Fmedia&parent=1210"}],"curies":[{"name":"wp","href":"https:\/\/api.w.org\/{rel}","templated":true}]}}