{"id":1216,"date":"2023-01-06T10:26:44","date_gmt":"2023-01-06T07:26:44","guid":{"rendered":"https:\/\/farnakia.com.tr\/?page_id=1216"},"modified":"2023-01-06T10:26:44","modified_gmt":"2023-01-06T07:26:44","slug":"dijital-fax","status":"publish","type":"page","link":"https:\/\/farnakia.com.tr\/?page_id=1216","title":{"rendered":"Dijital Fax"},"content":{"rendered":"<h4>Fax Hizmeti Nedir ?<\/h4>\n<p>Bulut faks ile faks cihaz\u0131n\u0131 kullanma zorunlulu\u011funu kald\u0131ran faks g\u00f6nderim ve al\u0131m\u0131n\u0131 \u00e7ok basite indirerek bilgisayar\u0131n\u0131zdan tek tu\u015fla yapabilirsiniz.<\/p>\n<p>Bulut faks hizmeti zaman ka\u011f\u0131t tasarrufu sa\u011flan\u0131rken di\u011fer yandan diledi\u011finiz her yerde web ten faks i\u015flemlerinizi ger\u00e7ekle\u015ftirebilirsiniz. Ayn\u0131 faks\u0131 ister bir ister bin ki\u015fiye tek tu\u015fla g\u00f6nderebilir. Faks durumunu \u00f6\u011frenebilirsiniz.<\/p>\n","protected":false},"excerpt":{"rendered":"<p>Fax Hizmeti Nedir ? Bulut faks ile faks cihaz\u0131n\u0131 kullanma zorunlulu\u011funu kald\u0131ran faks g\u00f6nderim ve al\u0131m\u0131n\u0131 \u00e7ok basite indirerek bilgisayar\u0131n\u0131zdan tek tu\u015fla yapabilirsiniz. Bulut faks hizmeti zaman ka\u011f\u0131t tasarrufu sa\u011flan\u0131rken [&hellip;]<\/p>\n","protected":false},"author":1,"featured_media":0,"parent":0,"menu_order":0,"comment_status":"closed","ping_status":"closed","template":"","meta":{"footnotes":""},"class_list":["post-1216","page","type-page","status-publish","hentry"],"_links":{"self":[{"href":"https:\/\/farnakia.com.tr\/index.php?rest_route=\/wp\/v2\/pages\/1216","targetHints":{"allow":["GET"]}}],"collection":[{"href":"https:\/\/farnakia.com.tr\/index.php?rest_route=\/wp\/v2\/pages"}],"about":[{"href":"https:\/\/farnakia.com.tr\/index.php?rest_route=\/wp\/v2\/types\/page"}],"author":[{"embeddable":true,"href":"https:\/\/farnakia.com.tr\/index.php?rest_route=\/wp\/v2\/users\/1"}],"replies":[{"embeddable":true,"href":"https:\/\/farnakia.com.tr\/index.php?rest_route=%2Fwp%2Fv2%2Fcomments&post=1216"}],"version-history":[{"count":1,"href":"https:\/\/farnakia.com.tr\/index.php?rest_route=\/wp\/v2\/pages\/1216\/revisions"}],"predecessor-version":[{"id":1221,"href":"https:\/\/farnakia.com.tr\/index.php?rest_route=\/wp\/v2\/pages\/1216\/revisions\/1221"}],"wp:attachment":[{"href":"https:\/\/farnakia.com.tr\/index.php?rest_route=%2Fwp%2Fv2%2Fmedia&parent=1216"}],"curies":[{"name":"wp","href":"https:\/\/api.w.org\/{rel}","templated":true}]}}